ppose p = 3*p - 52. Suppose -24*d = -65 - 1183. Suppose -12*a = -8*a - d. What is the highest common factor of a and p?
13
Let x = -383 - -615. Let f be 2 - (-51 + (-4 - (2 + -10))). Suppose -14*h + 19*h = 4*z + 165, h - 4*z - f = 0. What is the greatest common divisor of h and x?
29
Suppose -f + 13 = -2*p, -2*f = 3*f + 3*p - 91. Let b be 34/(-34)*(1 - 0)*-5. Suppose 0 = -b*d - 16*d + 2856. Calculate the greatest common divisor of f and d.
17
Let m(k) = 53*k + 2. Let n be m(2). Suppose 2*s = q + 41, 27*s = 22*s + 5*q + 85. Calculate the highest common factor of s and n.
12
Let n = -6170 - -20178. Calculate the greatest common factor of 136 and n.
136
Let l(v) = -v**2 - 14*v + 15. Let i be l(-12). Suppose -2*q - 5*f + 29 = 0, q = -q + 3*f + 21. Calculate the highest common factor of q and i.
3
Let f(g) = g**3 + 7*g**2 + 2*g - 10. Let q be f(-5). Suppose 0*c - 5*c + q = 0. Let s be -9 + c + 30/2. What is the greatest common factor of 8 and s?
4
Let s = 2 - -3. Let a = s - -35. Let x be (-351)/(-468) + (-954)/(-8). What is the highest common factor of a and x?
40
Let t = 1022 + -1017. Suppose 0 = 3*i + 3*y - 129, 2*y - t = 5. Let d be 1 - (-18*2 - 1). What is the highest common factor of d and i?
38
Suppose 0 = -1936*y + 1939*y - 675. What is the highest common divisor of 315 and y?
45
Let t = -61 + 122. Suppose t = 2*q - 19. Suppose y = -4*s - 10, -y - y + q = -4*s. What is the greatest common divisor of 15 and y?
5
Let s(z) = -15*z + 126. Suppose 30*k + 72 = 48*k. Let g be s(k). Calculate the highest common factor of g and 297.
33
Let r be 10658/8 - (2/43 - (-11799)/9804). What is the highest common factor of 363 and r?
121
Let c be (-1881)/(-114) + 1 + (-6)/4. Let z(d) = d + 10. Let s be z(c). Calculate the greatest common divisor of s and 650.
26
Let j(y) = y**3 + 4*y**2 - 5*y - 2. Let o be j(-4). Let s be (224/(-21))/(2/(-171)). Suppose -11*l + s = -672. What is the highest common factor of o and l?
18
Let r = 80 + -318. Let n = r + 460. Calculate the highest common divisor of 148 and n.
74
Let a = -549 + 446. Let g(z) = 173*z + 1. Let j be g(-1). Let p = a - j. What is the greatest common factor of 46 and p?
23
Let a be 16*(15/(-20) + 7). What is the highest common divisor of 3650 and a?
50
Suppose 0 = 4*p - 5*b - 124, 3*p + 3 - 99 = 3*b. Suppose -m - 4*v + 212 = 0, v = 5*m - 412 - 480. Calculate the greatest common divisor of m and p.
36
Suppose -v - 3 = -8. Let u be (-6)/(-30) - (-1529)/v. Calculate the greatest common factor of 34 and u.
34
Let r be ((-14)/(-6))/((-1)/(-36)). Suppose 1245 = -9*k - 645. Let v = k + 266. What is the greatest common factor of v and r?
28
Suppose 2*l - 8 = -4*y, -5 = -2*l - 3*y + 1. Suppose -48*a + 18*a + 10200 = l. What is the highest common factor of a and 20?
20
Suppose 2284*m = 2319*m - 2275. Calculate the greatest common factor of 20 and m.
5
Let c be 17712/540 + ((-12)/(-5))/(-3). Suppose 0*v + x + c = 3*v, -4*x - 48 = -4*v. Suppose 2*r - 99 = 81. What is the greatest common divisor of v and r?
10
Let x(n) = -n**3 - 75*n**2 - 148*n + 106. Let f be x(-73). Let m be (1/(-2))/(1/(-56)). Calculate the greatest common factor of m and f.
28
Suppose 203 + 84 = 26*o + 27. Let t be 1 + 3/(-2 + -1). Suppose c + 3*b = b + 22, t = c - 3*b - 42. What is the greatest common divisor of o and c?
10
Suppose -3*y - 384 = -5*y. Let l be (-11 + -3)*(-104)/91. Calculate the highest common divisor of l and y.
16
Let d(j) = 7264*j - 24. Let b be d(1). What is the highest common factor of 40 and b?
40
Let w = -21303 - -28219. Calculate the highest common divisor of 4004 and w.
364
Let s be (143/(-33))/(5 - (-368)/(-72)). Let r(w) = w**2 + w + 273. Let k be r(0). Calculate the highest common divisor of s and k.
39
Suppose -369 = -2*w + g, 1406*g = 1410*g + 12. Calculate the greatest common divisor of 488 and w.
61
Let w(y) = 3*y**3 + 4*y**2 + 4*y - 12. Let x be w(7). Suppose 3*o + x = 1304. What is the highest common divisor of 609 and o?
21
Suppose 0 = 17*k - 161 - 33 - 10. Calculate the greatest common divisor of 1644 and k.
12
Suppose 2*p = -2*j + 24, 122*p + 39 = 125*p + 4*j. Calculate the greatest common divisor of p and 61.
1
Suppose 12*h = 10186 - 6226. Calculate the greatest common divisor of h and 374.
22
Suppose 0*j - 4*j - 136 = -2*r, -3*r = 3*j - 222. Let m be 132/(-1122) - (-155)/17. Calculate the greatest common divisor of m and r.
9
Let d be -3 + 3603 - 832/64. Calculate the greatest common divisor of d and 17.
17
Let s = 2 - -7. Let w be (-2 - (10 + -2))/(-44 - (-109250)/2484). What is the greatest common factor of s and w?
9
Suppose 0 = 2*l + 6 + 4, -4*v - 4*l = 20. Suppose 2*p - 4*o - 486 - 554 = 0, v = -4*p + 5*o + 2083. Calculate the greatest common divisor of 18 and p.
18
Let v(s) = s - 3. Let f be v(2). Let m = f + 12. Let o be -3 + 5/(-25) + 71/5. What is the greatest common factor of o and m?
11
Suppose 5*m = -m - 2124. Let i = m - -246. Let o be (i/30)/((-3)/20). Calculate the greatest common factor of o and 48.
24
Suppose 126*m - 2*w = 127*m - 305, -3*m = 3*w - 915. What is the highest common factor of 275 and m?
5
Let i = -967 + 983. Calculate the greatest common factor of 640 and i.
16
Let u = 745 - 420. What is the highest common factor of u and 52?
13
Let n = 6050 + -5814. What is the highest common factor of n and 1534?
118
Let p = -120 + 292. Let a be p/22 + (10 - (-1512)/(-154)). Calculate the greatest common divisor of 352 and a.
8
Let l = 3763 + -3583. Calculate the highest common divisor of l and 7155.
45
Let b(x) = 2*x**3 - 16*x**2 - 4*x + 90. Let d be b(8). Let n be 32/1 + -50 + d. Let z be 2 - (7*2)/(-1). Calculate the greatest common divisor of n and z.
8
Suppose 0 = -2*a, 5*d = a + 3*a + 25. Suppose -d*h = -0*k - 2*k + 69, -3*k - 3*h = -93. Suppose 120 + 40 = 2*x. Calculate the greatest common factor of x and k.
16
Suppose 0 = -4*i + 3*j + 3572, 4*i + 3*j - 1663 - 1909 = 0. Calculate the greatest common factor of 19 and i.
19
Let n be (-1796730)/2439*(6/(-10))/((-6)/(-15)). What is the greatest common factor of 680 and n?
85
Let v(g) = g**3 + 80*g**2 - 547*g - 439. Let r be v(-86). What is the greatest common factor of r and 187?
17
Let k = -4 + 60. Let x(r) = 70*r**2 + 4*r + 4. Let o be x(-1). Calculate the highest common divisor of k and o.
14
Let t(w) = w**2 + 9*w + 12. Let g be t(-11). Let l = -33 + g. Let n = l - -32. Calculate the greatest common divisor of n and 363.
33
Let j be ((-2664)/120)/(2/10). Let m = 111 + j. Suppose m*g + 17 = 17*g. Calculate the highest common factor of g and 3.
1
Let j = 10792 + -6920. Calculate the greatest common divisor of j and 44.
44
Let g(o) = 15*o**2 + 3*o**3 - o**3 + 10 - o**3 + 8*o. Let b be g(-14). Let k = b + -19. Calculate the highest common divisor of k and 50.
25
Let g(j) = -72*j**2 + j - 22. Let k be g(-5). Let c be (12/21)/(-2) + k/(-49). Let o be (-4)/(-1) + (-584)/(-2). Calculate the highest common factor of o and c.
37
Let p = -4436 - -4516. What is the highest common factor of p and 355?
5
Suppose -3*w = w + y - 70, 40 = 2*w + 3*y. Suppose -r - w + 71 = 0. Calculate the greatest common factor of 6 and r.
6
Let v = -11679 - -11784. Let g be (-21)/(4/6 - 1). What is the highest common factor of v and g?
21
Suppose -2144 = -5*x - 249. Suppose 9*u - 737 = x. What is the highest common divisor of u and 12?
4
Let j be -21*(210/(-49) - 2). Calculate the greatest common divisor of 1464 and j.
12
Let x(j) = -j**2 + 55*j - 344. Let r be x(15). What is the greatest common divisor of r and 6208?
64
Suppose 1 + 13 = 7*c. Suppose 43 = c*f - 5. What is the greatest common divisor of f and 72?
24
Let r = 8381 + -8191. What is the greatest common factor of r and 205?
5
Suppose -v + 3 = 0, 3*v - 4*v = 2*o - 91. Suppose -40 - o = -4*h. Suppose 0 = 23*i - 3483 - 381. Calculate the highest common factor of h and i.
21
Suppose 19 = -b + 10. Let d be -48*(66/b + 4). Suppose -5*m + 186 = -2*z + 14, 4*m - d = -4*z. Calculate the highest common divisor of 45 and m.
9
Suppose 2*r + 2*i = 32, -2*i = 5*r - 0*i - 71. Let k(c) = -70*c - r - 5 + 0 - 2. Let y be k(-2). What is the highest common factor of 15 and y?
15
Suppose 4*h = 81*h - 96096. Calculate the greatest common divisor of 36 and h.
12
Suppose 22 = 5*b - 18. Suppose t + 0 = z + 6, -4*z - 31 = -5*t